*2 + 15*n - 45. Let j be x(11). Let a be (-3 + 40/12)*(j - -1). Calculate q(a).
5
Let n(c) = -2*c**3 - 3*c**2 - 8*c + 7. Let x(m) = 3*m**3 + 4*m**2 + 9*m - 8. Let o(y) = -5*n(y) - 4*x(y). Give o(2).
-15
Suppose -5*p - 31 = -21. Let x(u) = -u**3 - u**2 + u + 1. Give x(p).
3
Let b(i) = -8*i**3 - 3*i**2 - 3*i + 11. Let n(c) = 3 - 13 + 7*c**3 + 2*c**2 + 2*c + c. Let l(t) = 6*b(t) + 7*n(t). Determine l(4).
8
Let q(s) = -2*s**2 - 14*s - 1. Let o(h) = 10*h**2 + 74*h + 6. Let i(b) = 3*o(b) + 16*q(b). Calculate i(-4).
-22
Let d = -9 - -13. Let b be 1/2 - 18/d. Let o(z) = 2*z + 2 + 7*z - 6*z. Give o(b).
-10
Let p(o) be the second derivative of o**3/6 + 25*o. Determine p(8).
8
Let p(h) = -h**3 + 4*h + 3. Let t(g) = -3*g + 25. Let s be t(9). Let l be p(s). Let o(i) = 2*i - 2*i - 3 + 2 + 4*i. Determine o(l).
11
Let c be -2 + 3 + 2 - 1. Let z = 5 - 2. Let n(b) = 2*b**3 - 28 - 4*b**2 + 28 + z*b. What is n(c)?
6
Let u = -3 + 8. Suppose 0 = -g - u*g. Let o(a) be the second derivative of a**3/6 + 4*a**2 + 3*a. Calculate o(g).
8
Suppose 0*f - 6 = -3*f. Let s(i) = i**3 + i**2 - i + 1. Let j be s(2). Let b(q) = j + 7 - 2*q - 20. Determine b(f).
-6
Let v(m) = m - 11. Let o(d) = d**2 + 9*d + 24. Let f be o(-2). Calculate v(f).
-1
Suppose 10 = -q + 45. Let t = q - 36. Let j(i) = -6*i**3 + 2 - 2 - i - 2*i**2. Calculate j(t).
5
Suppose -9*j - 25 = -4*j, 5*j = -4*t - 25. Suppose t*l = -l. Let a(z) = 3*z**2 - z**3 + z**2 + l*z**2 + 0*z**3 + 5*z. Give a(5).
0
Let v(j) be the third derivative of j**4/12 + 3*j**3/2 - 81*j**2. Determine v(-8).
-7
Suppose 0*m - m + 2*t + 12 = 0, -3*m = -5*t - 31. Suppose -m*l - 3*l = -15. Let c(i) = -2*i**2 + 0*i**2 + l*i**2. Calculate c(2).
4
Suppose -n = 4*j - 9, 2*n + 3 = -4*j + 3*j. Suppose 2*u = j*u + 5, -21 = s + 3*u. Let c(l) = 2*l + 10. Calculate c(s).
-2
Let c(b) = b**3 - 2*b**2 + b - 3. Let a be 12*(-3 + 55/(-10)). Let d be 17/a + (-38)/(-12). Calculate c(d).
9
Suppose 0 = -4*c + 2*y + 18, c - 3*y - 22 = -4*c. Suppose -4*l + 1 = c. Let f(u) = -6*u + 1. Let a(q) = -12*q + 3. Let t(m) = 2*a(m) - 5*f(m). What is t(l)?
-5
Let p(n) be the second derivative of 2/3*n**3 + 3*n**2 + 1/20*n**5 + 0 - 15*n + 1/2*n**4. Suppose 7 - 2 = -j. Determine p(j).
11
Let d(v) = -v - 3. Suppose -27*i - 157 + 22 = 0. What is d(i)?
2
Let g = -12 + 12. Let m(t) = 7*t - 7*t - t**2. Let x(s) = 5*s**2 + s. Let a(y) = 4*m(y) + x(y). Calculate a(g).
0
Suppose -64*g + 70*g = 54. Let v(d) = -3*d + 20. Calculate v(g).
-7
Let j(y) = -2*y - 21. Suppose 0 = -17*x + 12*x - 35. Calculate j(x).
-7
Let s be (-7 - -2 - -10) + 1 + -3. Let q(l) = s + 67*l**2 - 1 - 4*l - 64*l**2. Determine q(3).
17
Let l(v) = -v + 14. Suppose -5*t + 99 = 24. Determine l(t).
-1
Let m(j) = -j**3 + 5*j**2 - 3*j - 3. Let f = -665 + 669. Give m(f).
1
Let x(b) = 15*b + 5. Let y(g) = -g**3 - 22*g**2 + g + 15. Let k be y(-22). Let h(a) = 22*a + 7. Let w(v) = k*x(v) + 5*h(v). Determine w(2).
10
Let m(v) = -v. Suppose 0 = -k + 4*o + 6, -2*k + 4*k + 5*o - 77 = 0. Let p = 33 - k. Calculate m(p).
-7
Let t(b) = -b**2 - 9*b + 3. Let r = -765 + 758. What is t(r)?
17
Let y be 16/4 - (-2 + 1). Suppose 3*a + 79 = 3*z + a, 149 = y*z + a. Let r = -23 + z. Let k(p) = p**3 - 5*p**2 - 7*p + 4. What is k(r)?
-2
Suppose -d = -4*d + d. Let z(b) = b**3 + b. Give z(d).
0
Let x(i) be the third derivative of i**4/24 + i**3/3 + 101*i**2. What is x(-5)?
-3
Let p(x) = x**3 - 2*x**2 - 2*x - 2. Let y(n) = -2*n - 11. Let b be y(-7). Let d be (-2 + 0)*b/(-2). What is p(d)?
1
Let l(n) = -25*n + 454. Let x be l(18). Let c(h) = -h**3 + 5*h**2 - 2*h - 4. Calculate c(x).
4
Suppose -2*v - 1 = 4*f + 27, -2*v = 2*f + 26. Let n = -7 - v. Let r(l) = l + 4. Determine r(n).
9
Let l(c) = -4*c**2 + 64*c + 39. Let d(y) = -3*y**2 + 45*y + 26. Let n(h) = -7*d(h) + 5*l(h). What is n(-3)?
7
Let i(s) = 2*s**2 + 11*s + 25. Let l(x) = -x**2 - 6*x - 12. Let g(y) = -2*i(y) - 5*l(y). Let q be -8 - (-6)/24*4. Calculate g(q).
3
Let l(a) = 5*a + 4. Let b(o) = o. Let r(i) = -6*b(i) + l(i). Let v be (24/15)/(2/(-5)). Determine r(v).
8
Let u(p) = 2*p**2 + 2*p + 1. Let j(h) = -7*h**2 - 11*h - 7. Let t(m) = j(m) + 4*u(m). Determine t(5).
7
Let s(d) = 2*d - 13. Suppose 5*c + 2*c = 0. Calculate s(c).
-13
Let c(r) = 3*r**2 + r - 2. Let a(j) = -10*j**2 + 8*j. Let y(t) = -a(t) - 4*c(t). Determine y(-9).
-46
Let r(p) = 5*p**2 + 2*p + 7. Let n(h) = -11*h**2 - 2*h - 15. Let a(u) = 4*n(u) + 9*r(u). Calculate a(-7).
-18
Let o = 61 - 51. Let a(c) = -c + 10. Determine a(o).
0
Let m(x) = x - 4. Suppose -23*d + 0 = -92. What is m(d)?
0
Suppose 0 = -6*n - 9 + 39. Let k(u) = 7*u**2 + 7*u + 4. Let i(v) = -11*v**2 - 11*v - 6. Let m(b) = n*i(b) + 8*k(b). What is m(-2)?
4
Let d(a) = -a**3 + 10*a**2 - 8*a - 2. Let i = 110 + -101. Determine d(i).
7
Let w(q) = -189*q + 2073. Let d be w(11). Let a(v) = v**2 - 4*v + 3. Let n(g) = 3*g**2 - 7*g + 7. Let i(p) = -5*a(p) + 2*n(p). Give i(d).
-1
Let g(j) = -2*j**3 - 2*j**2 + j + 2. Suppose 2*y - 54 = -y. Let x = y + -13. Suppose 3*k = x*v + 4, 3*k - 5*v + v = 2. What is g(k)?
8
Let m(d) = 7 - 6*d + 7*d + 1 - 3. Give m(-7).
-2
Let c(p) = 7*p**3 - 7*p**2 + p + 9. Let s(d) = -d**3 + d - 1. Let x(i) = c(i) + 6*s(i). Let g = 11 + -7. Let v be ((-2)/g)/((-2)/24). What is x(v)?
9
Let d be (6 + -5)/(2/4*-2). Let z(l) = 6*l**3 + l**2 + 5*l + 4. Let o be z(d). Let s(h) = h**3 + 6*h**2 + 3*h + 9. Calculate s(o).
-9
Let w be 6/18*(3 + 12). Suppose 21 = -w*v + 11. Let t(o) = o - o**2 + 5*o**2 + o - 1 + 2*o**3. Give t(v).
-5
Let b = 92 + -132. Let g = 60 + b. Suppose -18 = 4*q + 2*y - 4*y, 3*q = -5*y - g. Let r(h) = h**3 + 4*h**2 - 4*h - 4. What is r(q)?
-9
Let i(p) = -p - 1. Let z be i(0). Let c(h) = -3*h + 0 + 12*h**3 + 387*h**2 - 1 + 383*h**2 - 769*h**2 + 2*h. Give c(z).
-11
Let k(x) be the second derivative of -x**4/4 - 2*x**3/3 + 7*x**2/2 - 3*x. Let l(v) = -14*v - 12*v + 27*v - 1. Let t(y) = k(y) + 6*l(y). Determine t(-1).
-4
Let p(n) = -n**2 - 1. Let o(a) = 3*a**2 - 10*a + 2. Let f(j) = -o(j) - 4*p(j). Let l = 220 - 229. Give f(l).
-7
Let z(q) = -q**2 - q. Let b(u) = -u**2 + 3*u + 2. Let v(k) = b(k) - 2*z(k). Let y(x) be the first derivative of v(x). Give y(-4).
-3
Let x(i) = 2*i + 1. Suppose 0 = -25*k - 35*k + 52*k. Give x(k).
1
Let y = -27 + 67. Let b(k) = -y*k + 83*k - 44*k - 5. Give b(5).
-10
Let o(u) = 9*u**2 - 11*u - 19. Let v(m) = -m**3 + 2*m**2 + m + 1. Let p(k) = o(k) - v(k). What is p(-8)?
12
Let c(n) be the second derivative of 0 + 5/2*n**2 + 19*n - 1/6*n**3. Give c(0).
5
Let x(z) be the third derivative of z**5/120 - z**4/24 + 8*z**3/3 - 14*z**2. Let l(h) be the first derivative of x(h). Determine l(4).
3
Let d(m) = -m**3 - 5*m**2 - 2*m + 2. Let w(p) = -p**2 + p + 21. Let x be w(0). Let v = x - 24. Give d(v).
-10
Let y(f) be the second derivative of 1/12*f**4 + 0 - 3*f**2 + 18*f - 1/2*f**3. Calculate y(6).
12
Let l = -22 + 25. Suppose -9*p = l*p - 72. Let b(q) = 4*q - 2. Give b(p).
22
Suppose -2*n + 8 = 4*q + 2, -4*q = -2*n + 22. Let y(z) = 7*z - 23. Let t(p) = -8*p + 24. Let i(g) = -6*t(g) - 7*y(g). Calculate i(n).
10
Suppose 3*v + 177 = 3*o, -v - 242 = -3*o - o. Let m = o + -59. Let g(z) = z**3 + z**2 + 2*z - 1. Calculate g(m).
15
Let o(h) = 7*h - 11. Let p(d) = -1. Let y(k) = o(k) - 6*p(k). Calculate y(4).
23
Suppose y + y - 3*b = -22, -5*b = -2*y - 30. Let z(s) = s**3 + 5*s**2 - 2*s. What is z(y)?
10
Let d(f) = 3*f**2 - 7*f + 16. Let l(z) = z**2 - 2*z + 7. Let q(y) = 2*d(y) - 5*l(y). What is q(8)?
29
Let v(q) = q**2 - 6*q - 2. Let n be 82 - 86 - (-8 - 1). What is v(n)?
-7
Let s = -83 - 30. Let p = s - -111. Let d(h) = -3*h + 1. Determine d(p).
7
Let d(s) = -s**2 + 3*s + 4. Let a(l) be the second derivative of l - 1/6*l**3 + 0 - 2*l**2. Let y be a(-7). Give d(y).
4
Let i(r) = 3*r**2 - 8*r + 5. Let a be i(3). Let s(y) = -a + 15 + 5*y - 4. Calculate s(3).
18
Let c(i) be the first derivative of 1/2*i**2 - 9 - i - 2*i**3. Determine c(1).
-6
Let j be (-3)/(-9)*(-1 + 103). Let g = 43 - j. Let r(w) = w - 8. Determine r(g).
1
Let v(d) be the second derivative of d**5/20 + 11*d**4/12 + d**3/2 + 3*d**2 + 269*d. What is v(-11)?
-27
Let r(p) = 130*p - 57. Let l(c) = -9*c + 4. Let t(x) = 29*l(x) + 2*r(x). Let i be (-22)/(-4) + 1/(-2). Give t(i).
-3
Suppose -29*m = -43*m - 112. Let f(c) = -c**3 - 8*c**2 + c - 5. Determine f(m).
-13
Let w(m) = 1 +